
31
Calculate the greatest common divisor of 10262 and 98.
14
Calculate the highest common factor of 37 and 1739.
37
What is the highest common factor of 2240 and 420?
140
Calculate the highest common divisor of 105 and 21.
21
What is the greatest common factor of 48 and 24?
24
Calculate the highest common factor of 218 and 763.
109
Calculate the greatest common factor of 112 and 126.
14
What is the highest common factor of 126 and 1710?
18
Calculate the highest common divisor of 18 and 386.
2
What is the greatest common divisor of 900 and 1242?
18
Calculate the highest common factor of 5360 and 80.
80
What is the greatest common factor of 98 and 1225?
49
What is the greatest common divisor of 2178 and 36?
18
Calculate the highest common factor of 190 and 5035.
95
Calculate the highest common factor of 2788 and 68.
68
What is the highest common divisor of 768 and 2112?
192
Calculate the highest common divisor of 58 and 7453.
29
What is the greatest common factor of 370 and 518?
74
What is the highest common factor of 20 and 310?
10
Calculate the greatest common factor of 12 and 9.
3
What is the greatest common factor of 1720 and 10?
10
Calculate the greatest common divisor of 918 and 108.
54
Calculate the greatest common divisor of 70 and 1022.
14
Calculate the highest common divisor of 290 and 2610.
290
What is the highest common factor of 180 and 6860?
20
What is the highest common factor of 256 and 1920?
128
What is the greatest common divisor of 23 and 943?
23
What is the greatest common factor of 2828 and 7?
7
What is the highest common divisor of 1333 and 215?
43
Calculate the greatest common divisor of 187 and 68.
17
What is the highest common divisor of 18 and 231?
3
What is the highest common divisor of 364 and 104?
52
Calculate the highest common divisor of 175 and 56.
7
What is the highest common factor of 2236 and 3784?
172
Calculate the greatest common factor of 3403 and 3071.
83
Calculate the greatest common factor of 86512 and 16.
16
Calculate the highest common divisor of 144 and 45.
9
What is the greatest common divisor of 20385 and 45?
45
Calculate the greatest common factor of 1144 and 312.
104
What is the greatest common factor of 1936 and 22?
22
What is the greatest common divisor of 144 and 396?
36
What is the greatest common divisor of 384 and 24?
24
What is the greatest common factor of 16 and 24712?
8
What is the greatest common divisor of 68 and 8?
4
Calculate the greatest common divisor of 88 and 152.
8
Calculate the highest common divisor of 368 and 92.
92
What is the highest common divisor of 60 and 3180?
60
Calculate the greatest common factor of 8 and 6152.
8
Calculate the greatest common factor of 757 and 1.
1
What is the greatest common divisor of 416 and 260?
52
What is the highest common factor of 551 and 87?
29
What is the greatest common factor of 40 and 6936?
8
Calculate the greatest common factor of 82 and 1271.
41
Calculate the highest common divisor of 30 and 510.
30
Calculate the greatest common factor of 320 and 410.
10
What is the greatest common factor of 3 and 25?
1
Calculate the greatest common divisor of 3 and 75.
3
What is the greatest common factor of 1441 and 131?
131
Calculate the highest common divisor of 400 and 25.
25
Calculate the highest common factor of 76 and 1596.
76
Calculate the highest common divisor of 208 and 64.
16
What is the greatest common factor of 414 and 12?
6
Calculate the greatest common divisor of 2040 and 17.
17
Calculate the highest common factor of 164 and 574.
82
Calculate the greatest common divisor of 126 and 6034.
14
Calculate the greatest common factor of 246 and 5658.
246
Calculate the highest common divisor of 618 and 15.
3
What is the highest common divisor of 52 and 208?
52
Calculate the highest common divisor of 4 and 2126.
2
Calculate the greatest common divisor of 190 and 114.
38
Calculate the highest common factor of 4 and 1900.
4
Calculate the greatest common factor of 4365 and 97.
97
What is the highest common factor of 27 and 675?
27
What is the highest common factor of 3 and 2283?
3
Calculate the greatest common divisor of 2160 and 3870.
90
What is the greatest common factor of 383 and 3?
1
Calculate the greatest common factor of 549 and 3599.
61
What is the greatest common factor of 3 and 1?
1
Calculate the greatest common divisor of 14 and 406.
14
What is the greatest common factor of 1211 and 7?
7
What is the greatest common divisor of 304 and 64?
16
Calculate the greatest common factor of 17 and 731.
17
What is the highest common factor of 705 and 45?
15
Calculate the greatest common factor of 6903 and 118.
59
Calculate the greatest common divisor of 385 and 55.
55
What is the highest common factor of 12 and 96?
12
Calculate the highest common divisor of 6398 and 14.
14
Calculate the highest common factor of 33 and 34089.
33
What is the greatest common divisor of 196 and 616?
28
Calculate the highest common factor of 3 and 34.
1
What is the greatest common divisor of 55 and 352?
11
What is the highest common factor of 575 and 207?
23
Calculate the highest common factor of 387 and 9.
9
What is the greatest common divisor of 27 and 342?
9
Calculate the highest common factor of 27 and 126.
9
Calculate the highest common divisor of 57 and 43377.
57
Calculate the highest common divisor of 16 and 20.
4
Calculate the highest common divisor of 804 and 12.
12
Calculate the greatest common divisor of 406 and 58.
58
Calculate the greatest common factor of 6565 and 1040.
65
What is the greatest common factor of 856 and 376?
8
Calculate the highest common divisor of 4667 and 169.
13
What is the greatest common factor of 125 and 275?
25
What is the highest common factor of 52 and 117?
13
What is the highest common factor of 488 and 61?
61
Calculate the greatest common divisor of 217 and 1581.
31
Calculate the greatest common factor of 260 and 325.
65
What is the greatest common factor of 3 and 128?
1
What is the highest common divisor of 448 and 3968?
64
What is the greatest common divisor of 2500 and 4?
4
Calculate the highest common factor of 3201 and 66.
33
Calculate the greatest common divisor of 441 and 196.
49
Calculate the highest common factor of 793 and 13.
13
Calculate the highest common divisor of 16 and 368.
16
Calculate the greatest common factor of 406 and 725.
29
Calculate the highest common factor of 30 and 24.
6
Calculate the highest common divisor of 15 and 216.
3
What is the greatest common divisor of 2 and 563?
1
What is the highest common factor of 8 and 2792?
8
Calculate the greatest common factor of 1764 and 63.
63
Calculate the greatest common divisor of 84 and 140.
28
Calculate the highest common divisor of 1480 and 10.
10
What is the highest common divisor of 69 and 713?
23
Calculate the greatest common divisor of 24 and 768.
24
Calculate the highest common divisor of 71 and 11857.
71
Calculate the greatest common divisor of 210 and 7602.
42
What is the highest common divisor of 351 and 78?
39
Calculate the greatest common divisor of 27 and 18.
9
What is the highest common divisor of 23 and 1?
1
What is the highest common factor of 7 and 133?
7
Calculate the highest common divisor of 5 and 260.
5
What is the highest common factor of 1507 and 22?
11
Calculate the highest common divisor of 2607 and 1659.
237
Calculate the greatest common factor of 845 and 325.
65
What is the highest common divisor of 23952 and 48?
48
What is the greatest common divisor of 2550 and 1173?
51
Calculate the highest common divisor of 775 and 175.
25
What is the greatest common divisor of 4 and 17?
1
What is the highest common factor of 196 and 49?
49
What is the highest common divisor of 15770 and 498?
166
What is the greatest common divisor of 207 and 12765?
69
Calculate the greatest common divisor of 16 and 32.
16
What is the greatest common divisor of 658 and 3478?
94
What is the greatest common factor of 31 and 124?
31
What is the highest common factor of 18 and 315?
9
Calculate the greatest common divisor of 3325 and 1225.
175
What is the greatest common divisor of 110 and 33?
11
What is the highest common factor of 1544 and 16?
8
What is the highest common factor of 72 and 6012?
36
What is the highest common factor of 60 and 165?
15
Calculate the 